(h) = -295*h - 1148. Give f(-4).
32
Let k(r) = -3*r**2 - 365*r + 2720. Give k(7).
18
Let b(t) = -t**3 - 6*t**2 - 3*t - 15. Calculate b(-3).
-33
Let t(u) = 2*u**3 - 7*u**2 + 23*u - 177. What is t(6)?
141
Let u(g) = 2*g**3 + 10*g**2 - 408*g - 4. What is u(-17)?
-4
Let d(x) = -x**2 + 263. Determine d(-17).
-26
Let g(b) = b**2 - 24*b + 133. What is g(13)?
-10
Let m(s) = 6*s**2 + 76*s - 237. Give m(3).
45
Let j(l) = -10*l**2 - 63*l + 301. What is j(4)?
-111
Let u(w) = -w**2 + 3063*w - 30525. Calculate u(10).
5
Let s(c) = 6*c**3 - 29*c**2 - 11*c + 12. What is s(5)?
-18
Let a(j) = -15*j**2 + 56*j - 8. What is a(6)?
-212
Let z(m) = -16*m - 203. What is z(-5)?
-123
Let o(l) = 88*l - 1201. Calculate o(14).
31
Let t(f) = -2*f**3 - 78*f**2 - 81*f - 189. Determine t(-38).
1
Let s(m) = -34*m**3 + m**2 + 22*m + 20. What is s(-1)?
33
Let s(c) = 43*c - 2601. What is s(65)?
194
Let g(o) = -2331*o - 41965. Determine g(-18).
-7
Let w(q) = -8*q + 11. Calculate w(21).
-157
Let g(r) = r**3 + 73*r**2 + 143*r - 67. Determine g(-71).
-138
Let g(n) = -72*n - 1026. What is g(-14)?
-18
Let d(s) = -s**3 - 129*s**2 - 111*s + 2177. What is d(-128)?
1
Let a(d) = 2*d**2 - 1611*d + 9621. Give a(6).
27
Let w(j) = -j**3 - 10*j**2 - 14*j - 8. Calculate w(-6).
-68
Let u(s) = -2*s**3 - 188*s**2 - 181*s + 466. Determine u(-93).
1
Let s(l) = -l**3 - 7*l**2 - 13*l - 286. Calculate s(-9).
-7
Let c(t) = 2*t**3 + 46*t**2 - 25*t - 77. Determine c(-23).
498
Let m(u) = 3*u**3 + 29*u**2 + 70*u - 1. Give m(-6).
-25
Let s(m) = m + 35. Determine s(-7).
28
Let t(u) = 2*u**2 - 22*u + 99. Give t(6).
39
Let m(w) = 8*w**2 + 59*w - 21. Calculate m(-8).
19
Let s(y) = -y**3 + 34*y**2 + 23*y + 422. Determine s(35).
2
Let k(t) = 3*t**2 - 12*t - 6. What is k(-4)?
90
Let i(d) = 21207*d - 148442. Calculate i(7).
7
Let l(q) = -20*q**2 - 5*q + 4. Calculate l(4).
-336
Let t(r) = r**3 + 25*r**2 - 80*r + 83. Determine t(-28).
-29
Let v(j) = -819*j + 20473. Determine v(25).
-2
Let w(u) = -20*u + 431. Give w(23).
-29
Let l(a) = -a**2 - a + 699. What is l(-28)?
-57
Let v(c) = -23*c**2 + 410*c + 79. Determine v(18).
7
Let d(k) = k**3 + 34*k**2 - 548*k + 193. Give d(-46).
9
Let z(y) = -y**3 - 28*y**2 - 69*y - 54. Calculate z(-26).
388
Let b(n) = -n**3 + n**2 - 423*n - 2162. Determine b(-5).
103
Let r(w) = -2*w**3 - 220*w**2 - 643*w - 92. What is r(-107)?
15
Let z(i) = -i**3 + 104*i**2 + 9*i - 4. Determine z(0).
-4
Let s(k) = k**2 - 42*k - 178. Give s(46).
6
Let y(s) = 18*s**2 - 8*s + 2. What is y(1)?
12
Let b(m) = -74*m - 368. Calculate b(-2).
-220
Let a(n) = 14*n**2 + 404*n - 26. Calculate a(-29).
32
Let w(h) = h**3 - h**2 - 235*h + 210. Determine w(0).
210
Let y(x) = -35*x + 66. Determine y(2).
-4
Let k(t) = -192*t - 21695. Calculate k(-113).
1
Let p(l) = -613*l - 54608. Give p(-89).
-51
Let b(w) = -w**3 + 19*w**2 - 70*w + 4. Calculate b(4).
-36
Let f(h) = -h**3 - 3*h**2 + 17*h - 31. Determine f(-6).
-25
Let j(a) = a**3 - 25*a**2 - 116*a + 30. Calculate j(29).
30
Let g(t) = 25*t + 93. Calculate g(-6).
-57
Let j(b) = 1428*b + 7148. Calculate j(-5).
8
Let k(l) = -39*l**2 + 6*l - 16. Determine k(2).
-160
Let g(z) = 16*z - 58. Give g(3).
-10
Let r(p) = 5*p**2 + 66*p + 278. Give r(-6).
62
Let u(o) = 5*o**2 + 55*o - 60. Calculate u(-12).
0
Let g(c) = -6*c - 96. What is g(-19)?
18
Let h(r) = r**3 - 9*r**2 + 16*r - 35. Determine h(5).
-55
Let p(g) = -3242*g + 6490. What is p(2)?
6
Let g(c) = -17*c**3 - 4*c**2 + 11*c - 7. Determine g(1).
-17
Let q(n) = -n**2 - 215*n + 20. Give q(0).
20
Let g(q) = -q**2 - 38*q + 1549. Determine g(-63).
-26
Let r(i) = 297*i - 8917. What is r(30)?
-7
Let a(s) = -534*s - 3416. Determine a(-6).
-212
Let g(m) = -m**3 - 53*m**2 - 47*m + 37. Calculate g(-52).
-223
Let y(u) = u**2 - 93*u - 17034. Calculate y(-92).
-14
Let c(l) = -l**3 - 30*l**2 + 72*l + 171. Calculate c(-32).
-85
Let i(q) = -q**2 + 59*q - 128. Give i(2).
-14
Let m(v) = 3604*v + 7278. What is m(-2)?
70
Let a(n) = -6*n**3 + 7*n**2 + 26*n + 1. Determine a(-3).
148
Let j(u) = 5*u**3 + 3*u**2 + 3*u - 4. Calculate j(2).
54
Let o(a) = 122*a**3 + 2*a**2 + 5*a + 4. Calculate o(-1).
-121
Let h(s) = -s**2 + 75*s - 1047. Calculate h(51).
177
Let z(j) = -48*j + 1136. Determine z(23).
32
Let n(p) = -216*p + 223. Determine n(1).
7
Let w(t) = t**2 - 54*t + 239. Give w(5).
-6
Let t(l) = -3976*l + 35768. Give t(9).
-16
Let s(a) = 2*a**3 + 36*a**2 + 62*a - 28. Give s(-16).
4
Let k(v) = 3*v**3 + 30*v**2 + v + 33. What is k(-10)?
23
Let x(h) = -h**3 + 19*h**2 + 228*h - 14. Give x(27).
310
Let h(p) = -34*p - 752. Give h(-29).
234
Let o(z) = -23*z + 3078. Determine o(132).
42
Let p(i) = 2*i**2 + 10*i - 42. What is p(-7)?
-14
Let w(q) = -12*q**2 - 24*q + 21. Calculate w(-3).
-15
Let x(k) = -2*k**3 - 159*k**2 + 69*k + 11685. Give x(-79).
-7
Let u(j) = -j**3 - 9*j**2 + 37*j + 121. What is u(-9)?
-212
Let g(p) = 5*p**3 + 5*p**2 - 41*p - 25. Calculate g(-4).
-101
Let k(n) = -4*n**2 - 61*n + 12. Determine k(-10).
222
Let u(w) = 66*w + 653. What is u(-14)?
-271
Let d(p) = 8*p**3 + 3*p**2 + 9*p + 5. Determine d(-1).
-9
Let n(u) = u**2 - 59*u - 935. Determine n(-13).
1
Let l(r) = 46*r**2 - 6*r - 5. Determine l(-1).
47
Let y(g) = -g**3 + 23*g**2 - 128*g - 31. Determine y(12).
17
Let k(d) = -410*d - 25415. What is k(-62)?
5
Let b(s) = -2*s**2 - 2773*s - 16567. Determine b(-6).
-1
Let p(j) = 13*j**3 - 23*j**2 - 47*j + 90. Determine p(2).
8
Let b(q) = -2*q**3 + 79*q**2 + 34*q + 237. Give b(40).
-3
Let p(m) = -2*m**2 + 41*m + 446. Determine p(28).
26
Let b(r) = -r**3 + 23*r**2 - 5*r + 122. What is b(23)?
7
Let x(o) = 2*o**3 - 69*o**2 - 32*o - 119. Give x(35).
-14
Let d(s) = 659*s + 6715. What is d(-10)?
125
Let x(o) = -8*o**2 + o - 74. Determine x(10).
-864
Let p(j) = -69*j + 13. Calculate p(-2).
151
Let f(j) = -j**3 - 14*j**2 + 55*j + 62. What is f(-16)?
-306
Let a(f) = -19*f**2 + 20*f + 35. What is a(2)?
-1
Let l(x) = x**3 - 97*x**2 + 195*x - 460. Give l(95).
15
Let h(c) = c**2 + 2428*c + 16947. Determine h(-7).
0
Let w(m) = -8*m**2 + 92*m - 59. Determine w(12).
-107
Let b(c) = -c**3 - 33*c**2 + 61*c + 899. Calculate b(-34).
-19
Let i(q) = q**3 - 23*q**2 - 16*q - 174. Calculate i(24).
18
Let n(b) = b**2 + 8*b + 28. Give n(-6).
16
Let n(v) = 3*v**2 + 36*v + 46. Give n(-10).
-14
Let d(f) = 4*f**2 + 3*f - 188. Calculate d(9).
163
Let p(v) = -3237*v + 19392. What is p(6)?
-30
Let g(h) = -182*h + 551. Give g(3).
5
Let t(k) = -19*k - 850. What is t(-44)?
-14
Let i(q) = 14*q**2 - 79*q + 93. Determine i(4).
1
Let w(x) = 3*x + 4. Determine w(7).
25
Let c(b) = -19*b - 1098. What is c(-48)?
-186
Let t(g) = 3*g + 23. Give t(-7).
2
Let r(n) = -3*n**2 + n + 81. What is r(-5)?
1
Let v(r) = r**3 + 20*r**2 - 14*r - 659. Determine v(-19).
-32
Let h(s) = -s**3 - 3*s**2 + 36*s - 14. Calculate h(-7).
-70
Let s(t) = -6*t**2 - 160*t - 109. Calculate s(-26).
-5
Let b(n) = -147*n**2 - 111*n - 2. Give b(-1).
-38
Let k(o) = 6*o**2 + 76*o - 667. Determine k(6).
5
Let p(o) = o**3 + 13*o**2 + 28*o - 27. Calculate p(-10).
-7
Let k(s) = s**3 - 13*s**2 + 61*s - 500. Give k(11).
-71
Let u(z) = -z**3 + 11*z**2 - 19*z + 60. Give u(10).
-30
Let k(t) = t**2 - 91*t + 31. Give k(0).
31
Let o(g) = 3*g**2 - 18*g - 149. What is o(-5)?
16
Let v(d) = -2*d**3 + 47*d**2 + 24*d - 41. Give v(24).
-41
Let y(d) = -d - 11. Give y(23).
-34
Let a(k) = k**3 - 2*k**2 - 168*k + 169. Determine a(1).
0
Let c(k) = 2*k**3 + 18*k**2 + 7*k - 2. Calculate c(-11).
-563
Let k(h) = -h**2 - 15*h + 432. What is k(-30)?
-18
Let o(j) = -138*j - 1831. Give o(-15).
239
Let r(w) = -21*w + 144. Determine r(8).
-24
Let q(n) = 61*n - 5959. Determine q(98).
19
Let g(j) = j**2 + 15*j - 1818. Calculate g(34).
-152
Let h(a) = 514*a - 2483. Determine h(5).
87
Let y(f) = -3*f**3 - 2*f**2 + 13*f - 17. What is y(6)?
-659
Let m(y) = 5*y**3 - 5*y**2 + 10*y + 36. Calculate m(-2).
-44
Let o(s) = s**2 - 32*s + 263. Calculate o(15).
8
Let o(k) = 9*k + 420. Determine o(-43).
33
Let c(r) = 93*r - 4728. Give c(51).
15
Let k(z) = -44*z**2 - 7*z - 6. What is k(-1)?
-43
Let m(p) = -10*p**2 - 5*p - 10. Calculate m(5).
-285
Let p(f) = -f**3 - 19*f**2 - 47*f - 17. Calculate p(-10).
-447
Let v(h) = -h**2 + 8*h - 29. What is v(5)?
-14
Let p(x) = 70*x - 2234. What is p(32)?
6
Let q(w) = -18*w**3 + 3*w**2 + 3*w + 2. Calculate q(3).
-448
Let t(v) = -74*v - 186. Calc